2 and v?
2
Suppose -2*r - 2*r - 5*t = 3, 0 = 5*r - 2*t - 21. Let d be ((-2)/r)/(2/(-15)). Let x = -4 + d. What is the greatest common factor of x and 2?
1
Suppose 2*l + 3*l + 25 = 0. Let v be (-1 - l)/(2/6). What is the highest common factor of v and 8?
4
Let p = -2 - -4. Suppose 4*u - p*b - 56 = 0, -4*u - 3*b = -47 + 11. What is the highest common divisor of u and 30?
6
Let p be (-1)/(-7) + (-4305)/(-49). Calculate the greatest common factor of 11 and p.
11
Let a(l) = -2*l**2 - 12*l + 8. Let c be a(-6). Calculate the greatest common divisor of 2 and c.
2
Let k(u) = 2*u + 3. Let s be k(-2). Let q be (-1)/(-2)*-2 - s. Let z be (q + -1)/((-2)/2). Calculate the greatest common divisor of z and 2.
1
Suppose -56 + 4 = -13*p. What is the greatest common divisor of p and 1?
1
Let z(o) = -5*o - 6. Let g be z(-4). Let q(s) = s**2 - 13*s + 18. Let f be q(g). Calculate the greatest common factor of 128 and f.
32
Suppose y + 3*g = 20, -3*y + 40 = -y - 4*g. Calculate the highest common factor of 80 and y.
20
Let f be (-3 - -2)*(0 - 2). Suppose 3*b - 30 = -f*b. Calculate the greatest common divisor of 66 and b.
6
Let v(y) = -4*y + 6. Let g(u) = -4*u + 6. Let w(d) = -4*g(d) + 3*v(d). Let r = -6 + 10. Let p be w(r). Calculate the greatest common divisor of 10 and p.
10
Let v(z) = -z**2 + 8*z + 11. Let b be v(8). Suppose 3*x - b = 22. Calculate the highest common factor of 121 and x.
11
Let y = 123 + -68. What is the highest common factor of y and 11?
11
Suppose 3*g = 65 - 11. Suppose i - 3*i = -4*m - g, 2*i + 4*m - 18 = 0. Let l = 5 + 4. Calculate the highest common divisor of l and i.
9
Let w(l) = -10*l - 3. Suppose -5*q = -3*o + 19, -2*q + 6*q + 5*o - 7 = 0. Let c be w(q). What is the greatest common divisor of c and 51?
17
Let q = 50 + -33. What is the greatest common divisor of 136 and q?
17
Let v be 11/((9/2)/9). Calculate the greatest common factor of v and 2.
2
Let i(z) = 10*z**3 + z - 1. Let d be i(1). Let m be (-4 - 176/(-2)) + -4. What is the highest common factor of m and d?
10
Let v(y) = y + 1. Let a be v(3). Suppose -2*n - 5*j = -92, 243 = 4*n + 3*j + 87. Calculate the highest common factor of a and n.
4
Suppose -2*v + 10 = -0*v. Suppose 86 = v*q + 11. What is the highest common factor of 10 and q?
5
Suppose -u + 17 = 1. What is the greatest common factor of u and 144?
16
Let g(y) = 13*y - 19. Let s be g(4). Suppose 0 = -4*d, 4*d + 11 = v - 0*d. What is the greatest common divisor of v and s?
11
Suppose 9*f - 3*c = 4*f + 47, -5*c - 35 = -4*f. Let a(z) = z - 3. Let q be a(f). What is the greatest common divisor of q and 21?
7
Let c be (-150)/(-2) + (-12)/((-30)/5). Calculate the highest common factor of c and 7.
7
Let b(h) = -2*h**2 - 13*h + 27. Let q be b(-8). What is the highest common factor of 33 and q?
3
Suppose -4*k + 24 = -o + 114, 0 = 4*o + k - 275. What is the highest common factor of o and 5?
5
Suppose -4*z + 5*k + 219 = 0, k - 148 = -3*z + 21. Let m be 5*12/(-150) - (-84)/10. What is the highest common factor of z and m?
8
Suppose -d = -g - 9, -d = g + 19 - 4. Let k = -4 - g. What is the highest common divisor of k and 16?
8
Let f = -2 - -19. Calculate the greatest common factor of 187 and f.
17
Let m = 12 + -7. Let p(v) = 3*v - 6. Let k be p(m). Let o = -5 + k. Calculate the highest common factor of 4 and o.
4
Let j = 170 + -108. Calculate the greatest common divisor of j and 155.
31
Let x(d) be the third derivative of 21*d**5/20 - d**4/12 - d**3/6 + 3*d**2. Let h be x(-1). Calculate the highest common divisor of h and 8.
8
Let k(b) = 3*b - 10. Let w be k(8). Let r = 7 - 5. What is the highest common factor of w and r?
2
Let i(q) = q**3 - 2*q - 1. Let o be i(-1). Suppose -4*m + 7 = -m + 5*f, -5*m + 5*f + 65 = o. Calculate the highest common divisor of 9 and m.
9
Let v = 41 - 23. What is the greatest common factor of 162 and v?
18
Suppose 27 = 5*i + p, 6*i = 2*i + 3*p + 14. Suppose 3*y - 592 = m, i*m + 239 = y + 23. Calculate the greatest common divisor of 28 and y.
28
Suppose -5*q + 3*q + 18 = 0. Let a be (q/(-6) + 2)*6. Suppose 0 = a*k - 0*k - 72. What is the greatest common divisor of k and 16?
8
Suppose 5*w + 8 - 52 = -f, -4*w + f + 28 = 0. Suppose 3*b + 4*q = b + 46, -4*b = 3*q - 87. Let r = b + 3. What is the highest common factor of w and r?
8
Let d(u) = -u. Let z be d(-7). Suppose 3*b - 10 = 5. Suppose -b + 33 = 2*w. Calculate the highest common factor of w and z.
7
Suppose s - 2*j = 6*s - 40, 4*j + 24 = 3*s. What is the greatest common factor of 168 and s?
8
Let j = -77 + 80. Calculate the highest common factor of j and 3.
3
Let c = -2 - -2. Let m(t) = t**3 - t**2 - t + 45. Let k be m(c). Suppose -3*o + 60 = 2*u, 22 + 11 = o + 5*u. Calculate the highest common factor of k and o.
9
Let b be 104/2 - (1 + -1). Let s = b - 25. Calculate the greatest common factor of s and 9.
9
Suppose -5*m = 2*f - 14, -2*m - f + 8 = m. Let a(o) = 8*o**2 - 3*o + 1. Let j be a(m). Let i = 61 - j. What is the greatest common divisor of i and 17?
17
Let y be (4/(-6))/((-6)/9). Suppose w + 0*w = y. Let m be w - 1 - (-3 + 2). Calculate the highest common divisor of 9 and m.
1
Let x(p) = -13*p - 1. Let u be x(-7). Calculate the highest common divisor of u and 18.
18
Let f = 11 - -1. What is the greatest common factor of 8 and f?
4
Suppose 66 + 64 = 2*d. What is the greatest common factor of d and 13?
13
Suppose -3*y = 1 - 10. Suppose -k - 4*h + 24 = 0, y*k - 5*k - 3*h = -38. What is the highest common factor of 16 and k?
16
Let p = -3 + -9. Let q be (6/p)/(1/(-4)). What is the greatest common factor of 12 and q?
2
Let y be 94 + (11 - 2 - 4). Suppose -4*x + 2*u = -42, 3*u = -x - 0*u. Calculate the highest common divisor of y and x.
9
Suppose 3*k + 2 = 4*k. Let j(m) = -m**3 - 2*m**2 - m - 2. Let a be j(-2). Suppose z = -a*z + k. What is the greatest common divisor of 10 and z?
2
Suppose 4*q - q + 49 = 5*z, -2*q - 38 = -4*z. What is the highest common divisor of 32 and z?
8
Let b = 26 + -2. What is the greatest common divisor of 18 and b?
6
Suppose d - 30 = -4. Suppose -2*w - 42 = -250. Calculate the greatest common divisor of d and w.
26
Let c be (0 + 6/9)/(7/420). Let r be (-1 - -3)*2/4. Let m be 5/((-1)/(r + -2)). Calculate the greatest common factor of c and m.
5
Let i = 0 - -2. Suppose -u + 2*s + 67 = 0, 2*s = i*u - 3*u + 63. Calculate the highest common factor of u and 26.
13
Suppose -5*w + 180 - 690 = 0. Let x be (-2)/8 - w/24. Suppose -x*b + 81 = -d, 4*d - 6 = -4*b + 90. What is the greatest common factor of b and 147?
21
Suppose 37 + 27 = 4*a. What is the greatest common factor of 16 and a?
16
Let l be 2 - (-1*3 - -1). Suppose -132 = -l*w + w. Suppose 3*u - 16 = w. Calculate the greatest common divisor of u and 30.
10
Let b(j) = j**2 - 2*j + 15. Let w be b(8). Calculate the highest common divisor of w and 7.
7
Let o(p) = -p**3 - 2*p**2 - 3. Let f be o(-5). Suppose -4*k + 4 = 0, -2*c + 12 + 6 = 2*k. Calculate the greatest common factor of f and c.
8
Let m = 48 + -30. Calculate the greatest common divisor of 12 and m.
6
Suppose 2*q + m = 50, 0 = -0*m - m - 2. Calculate the highest common divisor of q and 104.
26
Suppose 2*x + 4*j - 74 = 0, -3*x - j + 23 = -83. What is the highest common divisor of 10 and x?
5
Let o = -2 + 2. Let v(j) = -j**3 - j**2 - 2*j + 28. Let k be v(o). What is the greatest common divisor of 4 and k?
4
Suppose -2 = m, n - 1 = -m + 2*m. Let f be 0 - (31 - (0 - n)). Let h = f + 44. Calculate the highest common factor of 98 and h.
14
Let q be 6207/18 - (-1 + 30/36). Calculate the highest common factor of q and 69.
69
Let g(m) = m + 3. Let n = 4 + -4. Let b be g(n). Calculate the greatest common divisor of b and 27.
3
Let b be -14*-2*2/4. Let k be (2/(-3))/(2/(-462)). Calculate the highest common divisor of b and k.
14
Let h = -8 + 6. Let s be (-1)/1*(-13 + h). What is the highest common divisor of 45 and s?
15
Let v be ((-126)/(-12))/(1/12). Calculate the greatest common divisor of v and 18.
18
Suppose -1 + 6 = l. Suppose 5*r = 6*m - l*m - 5, -3*m = -5*r - 65. What is the greatest common factor of 12 and m?
6
Suppose 0 = -4*v + 195 - 19. Suppose 0 = -4*m + p + 42, -1 = 2*m - 5*p - 13. Calculate the highest common divisor of m and v.
11
Let f(s) = s + 2. Let q be f(-3). Let a be 1 - q - 39/3. Let c = -3 - a. Calculate the highes